is the hundreds digit of 11956?
9
What is the units digit of 88?
8
What is the tens digit of 1254?
5
What is the hundreds digit of 740?
7
What is the units digit of 1296?
6
What is the thousands digit of 8843?
8
What is the thousands digit of 6078?
6
What is the hundreds digit of 1792?
7
What is the units digit of 378?
8
What is the hundreds digit of 9745?
7
What is the tens digit of 888?
8
What is the hundreds digit of 587?
5
What is the thousands digit of 1430?
1
What is the hundreds digit of 917?
9
What is the units digit of 1769?
9
What is the ten thousands digit of 42695?
4
What is the thousands digit of 7258?
7
What is the tens digit of 9575?
7
What is the tens digit of 2037?
3
What is the tens digit of 4049?
4
What is the units digit of 7275?
5
What is the tens digit of 2880?
8
What is the hundreds digit of 506?
5
What is the tens digit of 21511?
1
What is the units digit of 953?
3
What is the units digit of 237?
7
What is the hundreds digit of 4754?
7
What is the units digit of 213?
3
What is the units digit of 599?
9
What is the ten thousands digit of 44029?
4
What is the ten thousands digit of 63716?
6
What is the units digit of 1054?
4
What is the hundreds digit of 1873?
8
What is the tens digit of 12659?
5
What is the hundreds digit of 115103?
1
What is the units digit of 47982?
2
What is the units digit of 936?
6
What is the hundreds digit of 570?
5
What is the thousands digit of 6490?
6
What is the hundreds digit of 4534?
5
What is the tens digit of 450?
5
What is the units digit of 64089?
9
What is the thousands digit of 1436?
1
What is the hundreds digit of 576?
5
What is the hundreds digit of 30551?
5
What is the units digit of 45540?
0
What is the tens digit of 656?
5
What is the hundreds digit of 16921?
9
What is the units digit of 4110?
0
What is the thousands digit of 4371?
4
What is the units digit of 11439?
9
What is the ten thousands digit of 24164?
2
What is the hundreds digit of 22512?
5
What is the thousands digit of 27097?
7
What is the hundreds digit of 7376?
3
What is the thousands digit of 2079?
2
What is the hundreds digit of 17895?
8
What is the units digit of 9157?
7
What is the tens digit of 811?
1
What is the tens digit of 273?
7
What is the thousands digit of 6840?
6
What is the units digit of 686?
6
What is the hundreds digit of 94568?
5
What is the thousands digit of 1238?
1
What is the ten thousands digit of 30829?
3
What is the tens digit of 52897?
9
What is the thousands digit of 56444?
6
What is the units digit of 813?
3
What is the ten thousands digit of 23789?
2
What is the hundreds digit of 18114?
1
What is the thousands digit of 1869?
1
What is the tens digit of 35905?
0
What is the units digit of 7646?
6
What is the thousands digit of 6376?
6
What is the units digit of 1612?
2
What is the hundreds digit of 30294?
2
What is the tens digit of 7873?
7
What is the thousands digit of 125445?
5
What is the tens digit of 10874?
7
What is the units digit of 51773?
3
What is the hundreds digit of 4122?
1
What is the hundreds digit of 28231?
2
What is the tens digit of 2057?
5
What is the units digit of 31598?
8
What is the hundreds digit of 1792?
7
What is the units digit of 22744?
4
What is the units digit of 1244?
4
What is the units digit of 56863?
3
What is the ten thousands digit of 28212?
2
What is the units digit of 36114?
4
What is the hundreds digit of 37784?
7
What is the hundreds digit of 3433?
4
What is the thousands digit of 67247?
7
What is the thousands digit of 9085?
9
What is the thousands digit of 4838?
4
What is the ten thousands digit of 22592?
2
What is the hundreds digit of 2996?
9
What is the tens digit of 1334?
3
What is the hundreds digit of 1466?
4
What is the units digit of 71210?
0
What is the tens digit of 34768?
6
What is the tens digit of 12255?
5
What is the hundreds digit of 54182?
1
What is the tens digit of 817?
1
What is the thousands digit of 1130?
1
What is the ten thousands digit of 22771?
2
What is the thousands digit of 2196?
2
What is the hundreds digit of 12041?
0
What is the units digit of 36960?
0
What is the units digit of 14109?
9
What is the ten thousands digit of 21365?
2
What is the thousands digit of 5663?
5
What is the units digit of 52480?
0
What is the tens digit of 975?
7
What is the units digit of 2044?
4
What is the units digit of 4944?
4
What is the ten thousands digit of 78903?
7
What is the units digit of 1019?
9
What is the units digit of 303?
3
What is the tens digit of 1202?
0
What is the units digit of 1285?
5
What is the hundreds digit of 9252?
2
What is the thousands digit of 5276?
5
What is the thousands digit of 81604?
1
What is the tens digit of 2305?
0
What is the hundreds digit of 2953?
9
What is the hundreds digit of 27967?
9
What is the tens digit of 4047?
4
What is the units digit of 743?
3
What is the thousands digit of 3470?
3
What is the tens digit of 6009?
0
What is the hundreds digit of 3722?
7
What is the hundreds digit of 1795?
7
What is the tens digit of 5676?
7
What is the units digit of 17379?
9
What is the thousands digit of 170649?
0
What is the units digit of 12912?
2
What is the thousands digit of 1432?
1
What is the thousands digit of 28834?
8
What is the hundreds digit of 4827?
8
What is the tens digit of 2798?
9
What is the units digit of 1396?
6
What is the tens digit of 4155?
5
What is the thousands digit of 159785?
9
What is the units digit of 13238?
8
What is the thousands digit of 1085?
1
What is the hundreds digit of 1169?
1
What is the units digit of 7724?
4
What is the ten thousands digit of 24088?
2
What is the ten thousands digit of 146075?
4
What is the units digit of 350?
0
What is the hundreds digit of 23118?
1
What is the tens digit of 994?
9
What is the tens digit of 822?
2
What is the tens digit of 6456?
5
What is the tens digit of 6369?
6
What is the units digit of 3000?
0
What is the thousands digit of 14986?
4
What is the tens digit of 378?
7
What is the thousands digit of 11624?
1
What is the thousands digit of 3419?
3
What is the hundreds digit of 49870?
8
What is the hundreds digit of 2414?
4
What is the thousands digit of 45837?
5
What is the ten thousands digit of 189258?
8
What is the units digit of 1140?
0
What is the hundreds digit of 270?
2
What is the tens digit of 823?
2
What is the tens digit of 1150?
5
What is the units digit of 222?
2
What is the thousands digit of 5458?
5
What is the tens digit of 19324?
2
What is the hundreds digit of 726?
7
What is the units digit of 8841?
1
What is the units digit of 1338?
8
What is the hundreds digit of 288?
2
What is the hundreds digit of 3525?
5
What is the tens digit of 178?
7
What is the hundreds digit of 754?
7
What is the thousands digit of 18616?
8
What is the ten thousands digit of 13428?
1
What is the tens digit of 559?
5
What is the thousands digit of 36690?
6
What is the hundreds digit of 16735?
7
What is the thousands digit of 3987?
3
What is the tens digit of 10307?
0
What is the units digit of 7292?
2
What is the units digit of 338?
8
What is the hundreds digit of 4990?
9
What is the tens digit of 2605?
0
What is the tens digit of 18021?
2
What is the tens digit of 10?
1
What is the tens digit of 1462?
6
What is the hundreds digit of 9059?
0
What is the thousands digit of 2123?
2
What is the ten thousands digit of 127835?
2
What is the tens digit of 10086?
8
What is the hundreds digit of 117049?
0
What is the hundreds digit of 111295?
2
What is the ten thousands digit of 13542?
1
What is the thousands digit of 42124?
2
What is the tens digit of 576?
7
What is the thousands digit of 1103?
1
What is the tens digit of 4088?
8
What is the units digit of 442?
2
What is the thousands digit of 145045?
5
What is the thousands digit of 1249?
1
What is the tens digit of 903?
0
What is the tens digit of 1813?
1
What is the thousands digit of 6094?
6
What is the ten thousands digit of 15564?
1
What is the units digit of 15452?
2
What is the hundreds digit of 15586?
5
What is the units digit of 345?
5
What is the thousands digit of 147634?
7
What is the tens digit of 841?
4
What is the tens digit of 311?
1
What is the thousands digit of 11260?
1
What is the units digit of 229?
9
What is the hundreds digit of 132143?
1
What is the units dig